{"id":795,"date":"2025-05-12T14:37:00","date_gmt":"2025-05-12T12:37:00","guid":{"rendered":"http:\/\/10.3.7.102\/wordpress\/?page_id=795"},"modified":"2025-05-12T15:21:25","modified_gmt":"2025-05-12T13:21:25","slug":"gyik","status":"publish","type":"page","link":"https:\/\/obudabuvohely.com\/index.php\/gyik\/","title":{"rendered":"GyIK"},"content":{"rendered":"<div class=\"wpb-content-wrapper\"><p>[vc_row][vc_column][vc_column_text css=&#8221;&#8221;]<\/p>\n<h4 style=\"text-align: center;\"><strong>Gyakran ism\u00e9telt k\u00e9rd\u00e9sek<\/strong><\/h4>\n<p>[\/vc_column_text][\/vc_column][\/vc_row][vc_row][vc_column][vc_toggle title=&#8221;Hogyan t\u00f6rt\u00e9nik a foglal\u00e1s?&#8221; css=&#8221;&#8221;]Foglalni nagyon egyszer\u0171en, on-line lehet. A foglal\u00e1s men\u00fc pont alatt a foglal\u00e1s alkalm\u00e1val rendszer\u00fcnk v\u00e9gig vezeti a folyamaton \u00e9s pontos inform\u00e1ci\u00f3kat ad.[\/vc_toggle][\/vc_column][\/vc_row][vc_row][vc_column][vc_toggle title=&#8221;Van lehet\u0151s\u00e9gem telefonon foglalni?&#8221; css=&#8221;&#8221;]Foglalni nagyon egyszer\u0171en, telefonon kereszt\u00fcl lehet. Ha \u00d6n nem szeretn\u00e9 el\u00e1rulni a vezet\u00e9knev\u00e9t, mi nem fogjuk megk\u00e9rdezni. Tel.: <a href=\"http:\/\/06-70-286-8423\">06 70 286 8423<\/a> (h\u00edvhat\u00f3 minden nap reggel 8 \u00e9s 18 \u00f3ra k\u00f6z\u00f6tt).[\/vc_toggle][vc_toggle title=&#8221;Van lehet\u0151s\u00e9gem email-ben foglalni?&#8221; css=&#8221;&#8221;]Igen van r\u00e1 lehet\u0151s\u00e9g. Azonban nem aj\u00e1nljuk, mert el\u0151fordulhat, hogy id\u0151k\u00f6zben m\u00e1s online lefoglalja a lak\u00e1st.[\/vc_toggle][vc_toggle title=&#8221;Mennyi id\u0151vel az \u00e9rkez\u00e9s el\u0151tt kell lefoglalnom a szob\u00e1t?&#8221; css=&#8221;&#8221;]Az \u00e9rkez\u00e9s el\u0151tt egy-k\u00e9t nappal \u00e9rdemes foglalni, de ak\u00e1r aznap is lehets\u00e9ges.[\/vc_toggle][vc_toggle title=&#8221;K\u00f6zbej\u00f6tt valami! Hogyan tudom lemondani a szob\u00e1t?&#8221; css=&#8221;&#8221;]A foglal\u00e1st anyagi k\u00f6vetkezm\u00e9ny n\u00e9lk\u00fcl az \u00e9rkez\u00e9s el\u0151tt legal\u00e1bb 24 \u00f3r\u00e1val le lehet mondani.[\/vc_toggle][vc_toggle title=&#8221;B\u00e9rbe vehet\u00fcnk-e egyszerre t\u00f6bben a b\u00fav\u00f3helyet?&#8221; css=&#8221;&#8221;]Igen, maximum 3 f\u0151. Ennek d\u00edja +1000 Ft\/\u00f3ra. K\u00e9rlek jelezd el\u0151re.[\/vc_toggle][vc_toggle title=&#8221;K\u00e9nyes vagyok a tisztas\u00e1gra. Mire sz\u00e1m\u00edthatok?&#8221; css=&#8221;&#8221;]100%-os tisztas\u00e1g garanci\u00e1t v\u00e1llalunk.[\/vc_toggle][vc_toggle title=&#8221;Lehet-e doh\u00e1nyozni a lak\u00e1sban?&#8221; css=&#8221;&#8221;]Nem. A lak\u00e1s nem doh\u00e1nyz\u00f3, m\u00e9g az ablakban sem.[\/vc_toggle][vc_toggle title=&#8221;Van f\u0171t\u00e9s\/kl\u00edma a lak\u00e1sban?&#8221; css=&#8221;&#8221;]Igen, mindig kellemes h\u0151m\u00e9rs\u00e9klet v\u00e1rja vend\u00e9geinket.[\/vc_toggle][vc_toggle title=&#8221;Gyerty\u00e1t vagy f\u00fcst\u00f6l\u0151t gy\u00fajthatok?&#8221; css=&#8221;&#8221;]Nem, szigor\u00faan tilos. A hangulat \u00edgy is romantikus.[\/vc_toggle][vc_toggle title=&#8221;Hol tudok parkolni?&#8221; css=&#8221;&#8221;]A lak\u00e1s k\u00f6zel\u00e9ben fizet\u0151s parkol\u00f3helyek tal\u00e1lhat\u00f3k.[\/vc_toggle][vc_toggle title=&#8221;T\u00f6megk\u00f6zleked\u00e9ssel hogyan lehet megk\u00f6zel\u00edteni?&#8221; css=&#8221;&#8221;]Fl\u00f3ri\u00e1n t\u00e9rt\u0151l 10 perc gyalog. 1-es villamos vagy 137\/218\/237-es buszj\u00e1rat.[\/vc_toggle][vc_toggle title=&#8221;Mennyire diszkr\u00e9t a szolg\u00e1ltat\u00e1s?&#8221; css=&#8221;&#8221;]Teljes diszkr\u00e9ci\u00f3. Nem k\u00e9r\u00fcnk szem\u00e9lyes adatot, \u00e9s nem adunk ki inform\u00e1ci\u00f3t harmadik f\u00e9lnek. A megadott adataitokat a foglal\u00e1s ut\u00e1n azonnal t\u00f6r\u00f6lj\u00fck.[\/vc_toggle][vc_toggle title=&#8221;Milyen felszerelts\u00e9g tal\u00e1lhat\u00f3 a lak\u00e1sban?&#8221; css=&#8221;&#8221;]Apartmanunkban k\u00e9nyelmes \u00e1gy, t\u00f6r\u00f6lk\u00f6z\u0151k, \u00e1gynem\u0171, valamint egy alapfelszerelts\u00e9g\u0171 konyha (h\u0171t\u0151szekr\u00e9ny, mikrohull\u00e1m\u00fa s\u00fct\u0151, t\u0171zhely, s\u00fct\u0151, v\u00edzforral\u00f3) \u00e9s f\u00fcrd\u0151szoba tal\u00e1lhat\u00f3.[\/vc_toggle][vc_toggle title=&#8221;Biztos\u00edtott a wifi hozz\u00e1f\u00e9r\u00e9s?&#8221; css=&#8221;&#8221;]Igen, vend\u00e9geink sz\u00e1m\u00e1ra ingyenes wifi hozz\u00e1f\u00e9r\u00e9st biztos\u00edtunk.[\/vc_toggle][vc_toggle title=&#8221;H\u00e1ny \u00f3r\u00e1ra lehet minimum kib\u00e9relni a b\u00fav\u00f3helyet?&#8221; css=&#8221;&#8221;]A minimum foglal\u00e1si id\u0151 2 \u00f3ra.[\/vc_toggle][vc_toggle title=&#8221;Van lehet\u0151s\u00e9g hosszabb t\u00e1v\u00fa b\u00e9rl\u00e9sre? &#8221; css=&#8221;&#8221;]Alapvet\u0151en r\u00f6vid t\u00e1v\u00fa, n\u00e9h\u00e1ny \u00f3r\u00e1s vagy egy \u00e9jszak\u00e1s foglal\u00e1sokat k\u00edn\u00e1lunk. Hosszabb t\u00e1v\u00fa b\u00e9rl\u00e9s eset\u00e9n k\u00e9rj\u00fck h\u00edvjanak telefonon az inform\u00e1ci\u00f3k\u00e9rt.[\/vc_toggle][vc_toggle title=&#8221;Van korhat\u00e1r a szolg\u00e1ltat\u00e1s ig\u00e9nybev\u00e9tel\u00e9hez?&#8221; css=&#8221;&#8221;]Igen, a szolg\u00e1ltat\u00e1s ig\u00e9nybev\u00e9tele 18 \u00e9ven fel\u00fcliek sz\u00e1m\u00e1ra enged\u00e9lyezett.[\/vc_toggle][vc_toggle title=&#8221;K\u00e9rnek el\u0151leget a foglal\u00e1skor?&#8221; css=&#8221;&#8221;]El\u0151leg fizet\u00e9se nem sz\u00fcks\u00e9ges. A fizet\u00e9s a helysz\u00ednen t\u00f6rt\u00e9nik k\u00e9szp\u00e9nzben vagy Revolut utal\u00e1ssal.[\/vc_toggle][\/vc_column][\/vc_row]<\/p>\n<\/div>","protected":false},"excerpt":{"rendered":"<p>[vc_row][vc_column][vc_column_text css=&#8221;&#8221;] Gyakran ism\u00e9telt k\u00e9rd\u00e9sek [\/vc_column_text][\/vc_column][\/vc_row][vc_row][vc_column][vc_toggle title=&#8221;Hogyan t\u00f6rt\u00e9nik a foglal\u00e1s?&#8221; css=&#8221;&#8221;]Foglalni nagyon egyszer\u0171en, on-line lehet. A foglal\u00e1s men\u00fc pont alatt a foglal\u00e1s alkalm\u00e1val rendszer\u00fcnk v\u00e9gig vezeti a folyamaton \u00e9s pontos inform\u00e1ci\u00f3kat ad.[\/vc_toggle][\/vc_column][\/vc_row][vc_row][vc_column][vc_toggle title=&#8221;Van lehet\u0151s\u00e9gem telefonon foglalni?&#8221; css=&#8221;&#8221;]Foglalni nagyon egyszer\u0171en, telefonon kereszt\u00fcl lehet. Ha \u00d6n nem szeretn\u00e9 el\u00e1rulni a vezet\u00e9knev\u00e9t, mi nem fogjuk megk\u00e9rdezni. Tel.: 06 [&hellip;]<\/p>\n","protected":false},"author":1,"featured_media":0,"parent":0,"menu_order":0,"comment_status":"closed","ping_status":"closed","template":"","meta":{"footnotes":""},"class_list":["post-795","page","type-page","status-publish","hentry"],"_links":{"self":[{"href":"https:\/\/obudabuvohely.com\/index.php\/wp-json\/wp\/v2\/pages\/795","targetHints":{"allow":["GET"]}}],"collection":[{"href":"https:\/\/obudabuvohely.com\/index.php\/wp-json\/wp\/v2\/pages"}],"about":[{"href":"https:\/\/obudabuvohely.com\/index.php\/wp-json\/wp\/v2\/types\/page"}],"author":[{"embeddable":true,"href":"https:\/\/obudabuvohely.com\/index.php\/wp-json\/wp\/v2\/users\/1"}],"replies":[{"embeddable":true,"href":"https:\/\/obudabuvohely.com\/index.php\/wp-json\/wp\/v2\/comments?post=795"}],"version-history":[{"count":4,"href":"https:\/\/obudabuvohely.com\/index.php\/wp-json\/wp\/v2\/pages\/795\/revisions"}],"predecessor-version":[{"id":799,"href":"https:\/\/obudabuvohely.com\/index.php\/wp-json\/wp\/v2\/pages\/795\/revisions\/799"}],"wp:attachment":[{"href":"https:\/\/obudabuvohely.com\/index.php\/wp-json\/wp\/v2\/media?parent=795"}],"curies":[{"name":"wp","href":"https:\/\/api.w.org\/{rel}","templated":true}]}}