{"id":322,"date":"2016-10-07T10:37:10","date_gmt":"2016-10-07T10:37:10","guid":{"rendered":"https:\/\/insurel.ancorathemes.com\/?page_id=322"},"modified":"2025-07-08T15:14:03","modified_gmt":"2025-07-08T13:14:03","slug":"homepage-1","status":"publish","type":"page","link":"https:\/\/obudabuvohely.com\/","title":{"rendered":"\u00d3budab\u00fav\u00f3hely"},"content":{"rendered":"<div class=\"wpb-content-wrapper\"><p>[vc_row][vc_column][vc_column_text css_animation=&#8221;top-to-bottom&#8221; css=&#8221;&#8221;]<\/p>\n<div class=\"user-query-container user-query-bubble-container ng-star-inserted\">\n<div id=\"user-query-content-15\" class=\"query-content ng-star-inserted\">\n<div class=\"query-text gds-body-l collapsed\" dir=\"ltr\" role=\"heading\" aria-level=\"2\">\n<h4 data-sourcepos=\"1:1-1:93\">Romantikus Elvonul\u00e1s Diszkr\u00e9ten \u2013 Fedezze Fel B\u00fav\u00f3hely\u00fcnk Intimit\u00e1s\u00e1t \u00d3buda Sz\u00edv\u00e9ben!<\/h4>\n<p data-sourcepos=\"3:1-3:901\">A ny\u00fczsg\u0151 v\u00e1ros sz\u00edv\u00e9ben, m\u00e9gis a k\u00fclvil\u00e1gt\u00f3l gondosan elrejtve, egy k\u00fcl\u00f6nleges hely v\u00e1rja \u00d6n\u00f6ket: az <strong>\u00d3budai B\u00fav\u00f3hely<\/strong>. Ez a <strong>diszkr\u00e9t b\u00fav\u00f3hely Budapesten<\/strong> t\u00f6k\u00e9letes mened\u00e9k mindazok sz\u00e1m\u00e1ra, akik a szerelem szent\u00e9ly\u00e9ben szeretn\u00e9nek elmer\u00fclni, t\u00e1vol a mindennapok zaj\u00e1t\u00f3l \u00e9s a k\u00edv\u00e1ncsi tekintetekt\u0151l. Ide\u00e1lis v\u00e1laszt\u00e1s egy <strong>romantikus elvonul\u00e1s Budapesten<\/strong>, ahol a <strong>meghitt egy\u00fcttl\u00e9t Budapest<\/strong> k\u00f6zpontj\u00e1ban val\u00f3sulhat meg. Ha a rohan\u00f3 \u00e9let ritk\u00e1n engedi meg a hosszas elvonul\u00e1st, n\u00e1lunk nem kell kompromisszumot k\u00f6tnie a meghitt pillanatokkal. Egyed\u00fcl\u00e1ll\u00f3 rugalmass\u00e1gunk lehet\u0151v\u00e9 teszi, hogy pontosan annyi id\u0151re vegye ig\u00e9nybe exkluz\u00edv <strong>\u00f3budai apartman diszkr\u00e9ten<\/strong>, amennyire sz\u00fcks\u00e9ge van, \u00edgy maxim\u00e1lisan alkalmazkodva az \u00d6n\u00f6k egyedi id\u0151beoszt\u00e1s\u00e1hoz \u00e9s ig\u00e9nyeihez. Ak\u00e1r <strong>\u00f3r\u00e1ra b\u00e9relhet\u0151 apartman Budapesten<\/strong>, ak\u00e1r <strong>\u00f3r\u00e1ra b\u00e9relhet\u0151 szoba \u00d3bud\u00e1n<\/strong> \u00e9rdekli, n\u00e1lunk megtal\u00e1lja a sz\u00e1m\u00edt\u00e1s\u00e1t.<\/p>\n<hr data-sourcepos=\"5:1-5:3\" \/>\n<h5 data-sourcepos=\"7:1-7:45\">Luxus \u00e9s Tisztas\u00e1g az Intim Pillanatok\u00e9rt<\/h5>\n<p data-sourcepos=\"9:1-9:887\">L\u00e9pjen be egy olyan vil\u00e1gba, ahol az ig\u00e9nyess\u00e9g \u00e9s a kifog\u00e1stalan tisztas\u00e1g k\u00e9z a k\u00e9zben j\u00e1rnak a <strong>romantik\u00e1val \u00d3bud\u00e1n<\/strong> \u00e9s a nyugalommal. B\u00fav\u00f3hely\u00fcnk minden r\u00e9szlet\u00e9t \u00fagy alak\u00edtottuk ki, hogy az a lehet\u0151 legk\u00e9nyelmesebb \u00e9s legfelszabad\u00edt\u00f3bb \u00e9lm\u00e9nyt ny\u00fajtsa \u00d6n\u00f6knek, garant\u00e1lva a <strong>k\u00fcl\u00f6nleges \u00e9lm\u00e9nyt p\u00e1roknak<\/strong>. Legyen sz\u00f3 egy n\u00e9h\u00e1ny \u00f3r\u00e1s, <strong>gyors kikapcsol\u00f3d\u00e1s Budapesten<\/strong> val\u00f3ban intenz\u00edv kikapcsol\u00f3d\u00e1sr\u00f3l vagy egy hosszabb, elm\u00e9ly\u00fclt egy\u00fcttl\u00e9tr\u0151l, n\u00e1lunk megtal\u00e1lj\u00e1k a t\u00f6k\u00e9letes h\u00e1tteret a <strong>felejthetetlen pillanatokhoz<\/strong>. Ez a <strong>k\u00e9nyelmes apartman \u00d3bud\u00e1n<\/strong> <strong>tiszta b\u00fav\u00f3hely Budapesten<\/strong>, ahol garant\u00e1lt a <strong>nyugalom szigete<\/strong>. J\u00f3l felszerelt konyh\u00e1nk \u00e9s modern f\u00fcrd\u0151szob\u00e1nk pedig biztos\u00edtja, hogy hosszabb tart\u00f3zkod\u00e1s eset\u00e9n se szenvedjenek hi\u00e1nyt semmiben. Ide\u00e1lis <strong>p\u00e1roknak sz\u00e1ll\u00e1s \u00d3bud\u00e1n<\/strong>, egy igazi <strong>\u00f3budai szerelmi f\u00e9szek<\/strong>, ahol a <strong>szerelmes f\u00e9szek<\/strong> val\u00f3ban az \u00d6n\u00f6k\u00e9.<\/p>\n<hr data-sourcepos=\"11:1-11:3\" \/>\n<h6 data-sourcepos=\"13:1-13:58\">Diszkr\u00e9ci\u00f3 \u00e9s Rugalmass\u00e1g \u2013 Az \u00d6n\u00f6k Nyugalma \u00c9rdek\u00e9ben<\/h6>\n<p data-sourcepos=\"15:1-15:941\">Azonban ami igaz\u00e1n megk\u00fcl\u00f6nb\u00f6ztet minket, az a <strong>diszkr\u00e9ci\u00f3 \u00d3bud\u00e1n<\/strong> ir\u00e1nti elk\u00f6telezetts\u00e9g\u00fcnk. Tudjuk, hogy az \u00d6n\u00f6k intimit\u00e1sa a legfontosabb, ez\u00e9rt garant\u00e1ljuk a maxim\u00e1lis mag\u00e1n\u00e9letet \u00e9s biztons\u00e1got minden egyes l\u00e1togat\u00e1s sor\u00e1n. A telefonos egyeztet\u00e9st k\u00f6vet\u0151en, a megbesz\u00e9lt id\u0151pontban a lehet\u0151 legz\u00f6kken\u0151mentesebben vehetik birtokba az <strong>\u00f3budai priv\u00e1t apartmant<\/strong>. Nincsenek felesleges formalit\u00e1sok, nincsenek zavar\u00f3 t\u00e9nyez\u0151k \u2013 csak \u00d6n\u00f6k ketten \u00e9s a meghitt csend, garant\u00e1lva a <strong>priv\u00e1t id\u0151t<\/strong> \u00e9s az <strong>intim pillanatokat<\/strong>. Legyen sz\u00f3 egy spont\u00e1n tal\u00e1lk\u00e1r\u00f3l vagy egy el\u0151re tervezett <strong>romantikus l\u00e9gyottr\u00f3l helysz\u00ednr\u0151l<\/strong>, mi k\u00e9szen \u00e1llunk arra, hogy <strong>diszkr\u00e9t m\u00f3don<\/strong> biztos\u00edtsuk a t\u00f6k\u00e9letes helysz\u00ednt. Ez egy igazi <strong>titkos tal\u00e1lka hely Budapesten<\/strong>, egy <strong>elrejtett hely<\/strong>, ahol <strong>kettesben lenni<\/strong> minden pillanata felejthetetlen. Keressen minket, ha <strong>diszkr\u00e9t randi helysz\u00edn Budapesten<\/strong> vagy <strong>Budapest diszkr\u00e9t sz\u00e1ll\u00e1s<\/strong> \u00e9rdekli.<\/p>\n<hr data-sourcepos=\"17:1-17:3\" \/>\n<h6 data-sourcepos=\"19:1-19:49\">K\u00e9rd\u00e9sek \u00e9s V\u00e1laszok a Foglal\u00e1sr\u00f3l \u00e9s \u00c1rakr\u00f3l<\/h6>\n<p data-sourcepos=\"21:1-21:333\">Sokan \u00e9rdekl\u0151dnek a <strong>Budapest b\u00fav\u00f3hely \u00e1rak<\/strong> fel\u0151l. Az \u00e1rak rugalmasak \u00e9s az elt\u00f6lt\u00f6tt id\u0151 hossz\u00e1t\u00f3l f\u00fcggnek, legyen sz\u00f3 <strong>r\u00f6vid t\u00e1v\u00fa apartman \u00d3bud\u00e1r\u00f3l<\/strong> vagy hosszabb tart\u00f3zkod\u00e1sr\u00f3l. <strong>Mennyibe ker\u00fcl egy b\u00fav\u00f3hely Budapesten?<\/strong> \u00c1raink kedvez\u0151ek \u00e9s \u00e1tl\u00e1that\u00f3ak, minden esetben egyedi ig\u00e9nyekre szabottan, el\u0151re egyeztetve alakulnak.<\/p>\n<p data-sourcepos=\"23:1-23:185\"><strong>Hol lehet diszkr\u00e9t b\u00fav\u00f3helyet tal\u00e1lni Budapesten?<\/strong> Az <strong>\u00d3buda III. ker\u00fclet b\u00fav\u00f3helye<\/strong> az egyik legjobb v\u00e1laszt\u00e1s, k\u00f6sz\u00f6nhet\u0151en kiv\u00e1l\u00f3 elhelyezked\u00e9s\u00e9nek \u00e9s a maxim\u00e1lis diszkr\u00e9ci\u00f3nak.<\/p>\n<p data-sourcepos=\"25:1-25:146\"><strong>Hogy foglalhatok diszkr\u00e9t apartmant?<\/strong> A foglal\u00e1s egyszer\u0171 \u00e9s gyors, telefonos egyeztet\u00e9s \u00fatj\u00e1n t\u00f6rt\u00e9nik, ahol minden r\u00e9szletet megbesz\u00e9lhet\u00fcnk.<\/p>\n<p data-sourcepos=\"27:1-27:104\"><strong>Milyen fizet\u00e9si m\u00f3dok vannak b\u00fav\u00f3helyen?<\/strong> A fizet\u00e9s k\u00e9szp\u00e9nzben t\u00f6rt\u00e9nik, az apartman elfoglal\u00e1sakor.<\/p>\n<p data-sourcepos=\"29:1-29:153\"><strong>Meddig b\u00e9relhet\u0151 egy b\u00fav\u00f3hely?<\/strong> A b\u00fav\u00f3hely b\u00e9relhet\u0151 n\u00e9h\u00e1ny \u00f3r\u00e1t\u00f3l ak\u00e1r t\u00f6bb napig is, az \u00d6n\u00f6k ig\u00e9nyeit\u0151l f\u00fcgg\u0151en. Rugalmasan kezelj\u00fck az id\u0151tartamot.<\/p>\n<p data-sourcepos=\"31:1-31:374\"><strong>Milyen felszerelts\u00e9g van egy b\u00fav\u00f3helyen?<\/strong> <strong>B\u00fav\u00f3hely\u00fcnk<\/strong> egy <strong>j\u00f3l felszerelt apartman \u00d3bud\u00e1n<\/strong>, k\u00e9nyelmes \u00e1ggyal, priv\u00e1t f\u00fcrd\u0151szob\u00e1val, mini konyh\u00e1val \u00e9s alapvet\u0151 eszk\u00f6z\u00f6kkel, biztos\u00edtva a <strong>pihen\u00e9st p\u00e1roknak<\/strong> \u00e9s az <strong>intim sz\u00e1ll\u00e1s Budapesten<\/strong> ny\u00fajtotta teljes k\u00e9nyelmet. Ez egy <strong>feln\u0151ttbar\u00e1t sz\u00e1ll\u00e1s Budapesten<\/strong>, ahol minden a k\u00e9nyelmet \u00e9s az intimit\u00e1st szolg\u00e1lja.<\/p>\n<hr data-sourcepos=\"33:1-33:3\" \/>\n<p data-sourcepos=\"35:1-35:680\">Engedj\u00e9k el a h\u00e9tk\u00f6znapok terheit, \u00e9s mer\u00fcljenek el a szerelem \u00e9s a nyugalom sziget\u00e9n az <strong>\u00d3budai B\u00fav\u00f3helyen<\/strong>. Mi nem csup\u00e1n egy <strong>sz\u00e1ll\u00e1s \u00d3bud\u00e1n<\/strong> k\u00edn\u00e1lunk, hanem egy \u00e9lm\u00e9nyt, ahol a <strong>priv\u00e1t pillanatok<\/strong> val\u00f3ban \u00e9rt\u00e9kesek \u00e9s zavartalanok lehetnek. V\u00e1lasszanak minket, \u00e9s tapasztalj\u00e1k meg, hogy a <strong>diszkr\u00e9ten<\/strong> elt\u00f6lt\u00f6tt id\u0151 mennyire felemel\u0151 \u00e9s eml\u00e9kezetes lehet! Fedezz\u00e9k fel a mi <strong>titkos szerelmi f\u00e9szk\u00fcnket<\/strong>, \u00e9s \u00e9lvezz\u00e9k a <strong>meghitt egy\u00fcttl\u00e9t<\/strong> minden egyes, var\u00e1zslatos perc\u00e9t! Ha esetleg t\u00e1gabb k\u00f6rny\u00e9ken is keresn\u00e9nek, a <strong>zugl\u00f3i b\u00fav\u00f3hely<\/strong> is alternat\u00edva lehet, de az <strong>\u00f3budai priv\u00e1t apartman<\/strong> garant\u00e1ltan felejthetetlen <strong>romantikus kikapcsol\u00f3d\u00e1s p\u00e1roknak \u00d3bud\u00e1n<\/strong>.<\/p>\n<p data-sourcepos=\"37:1-37:103\">Gondolja, hogy az <strong>\u00d3budai B\u00fav\u00f3hely<\/strong> lenne a t\u00f6k\u00e9letes v\u00e1laszt\u00e1s a k\u00f6vetkez\u0151 <strong>romantikus l\u00e9gyottra<\/strong>?<\/p>\n<\/div>\n<\/div>\n<\/div>\n<p>[\/vc_column_text][vc_raw_html css=&#8221;&#8221;]JTI2bmJzcCUzQiUzQ2JyJTNFJTBBJTI2bmJzcCUzQiUzQ2JyJTNFJTBBJTI2bmJzcCUzQiUzQ2JyJTNF[\/vc_raw_html]<div id=\"sc_googlemap_262109054\" class=\"sc_googlemap\" style=\"width:100%;height:400px;\" data-zoom=\"16\" data-style=\"default\"><iframe src=\"https:\/\/maps.google.com\/maps?t=m&output=embed&iwloc=near&z=16&q=1033+Budapest+H%C3%A9vizi+%C3%BAt+5%2Fa\" scrolling=\"no\" marginheight=\"0\" marginwidth=\"0\" frameborder=\"0\"\n                    aria-label=\"\"><\/iframe><\/div>[\/vc_column][\/vc_row][vc_row][vc_column][vc_raw_html css=&#8221;&#8221;]JTI2bmJzcCUzQiUzQ2JyJTNFJTBBJTI2bmJzcCUzQiUzQ2JyJTNFJTBBJTI2bmJzcCUzQiUzQ2JyJTNF[\/vc_raw_html][\/vc_column][\/vc_row][vc_row][vc_column][\/vc_column][\/vc_row]<\/p>\n<\/div>","protected":false},"excerpt":{"rendered":"<p>[vc_row][vc_column][vc_column_text css_animation=&#8221;top-to-bottom&#8221; css=&#8221;&#8221;] Romantikus Elvonul\u00e1s Diszkr\u00e9ten \u2013 Fedezze Fel B\u00fav\u00f3hely\u00fcnk Intimit\u00e1s\u00e1t \u00d3buda Sz\u00edv\u00e9ben! A ny\u00fczsg\u0151 v\u00e1ros sz\u00edv\u00e9ben, m\u00e9gis a k\u00fclvil\u00e1gt\u00f3l gondosan elrejtve, egy k\u00fcl\u00f6nleges hely v\u00e1rja \u00d6n\u00f6ket: az \u00d3budai B\u00fav\u00f3hely. Ez a diszkr\u00e9t b\u00fav\u00f3hely Budapesten t\u00f6k\u00e9letes mened\u00e9k mindazok sz\u00e1m\u00e1ra, akik a szerelem szent\u00e9ly\u00e9ben szeretn\u00e9nek elmer\u00fclni, t\u00e1vol a mindennapok zaj\u00e1t\u00f3l \u00e9s a k\u00edv\u00e1ncsi tekintetekt\u0151l. Ide\u00e1lis v\u00e1laszt\u00e1s [&hellip;]<\/p>\n","protected":false},"author":1,"featured_media":0,"parent":0,"menu_order":0,"comment_status":"closed","ping_status":"closed","template":"","meta":{"footnotes":""},"class_list":["post-322","page","type-page","status-publish","hentry"],"_links":{"self":[{"href":"https:\/\/obudabuvohely.com\/index.php\/wp-json\/wp\/v2\/pages\/322","targetHints":{"allow":["GET"]}}],"collection":[{"href":"https:\/\/obudabuvohely.com\/index.php\/wp-json\/wp\/v2\/pages"}],"about":[{"href":"https:\/\/obudabuvohely.com\/index.php\/wp-json\/wp\/v2\/types\/page"}],"author":[{"embeddable":true,"href":"https:\/\/obudabuvohely.com\/index.php\/wp-json\/wp\/v2\/users\/1"}],"replies":[{"embeddable":true,"href":"https:\/\/obudabuvohely.com\/index.php\/wp-json\/wp\/v2\/comments?post=322"}],"version-history":[{"count":8,"href":"https:\/\/obudabuvohely.com\/index.php\/wp-json\/wp\/v2\/pages\/322\/revisions"}],"predecessor-version":[{"id":878,"href":"https:\/\/obudabuvohely.com\/index.php\/wp-json\/wp\/v2\/pages\/322\/revisions\/878"}],"wp:attachment":[{"href":"https:\/\/obudabuvohely.com\/index.php\/wp-json\/wp\/v2\/media?parent=322"}],"curies":[{"name":"wp","href":"https:\/\/api.w.org\/{rel}","templated":true}]}}